actors of 89273507?
109, 127, 6449
What are the prime factors of 64663804?
2, 3037, 5323
List the prime factors of 226053658.
2, 17, 6648637
List the prime factors of 78809177.
47, 739, 2269
List the prime factors of 2490770998.
2, 13037, 95527
List the prime factors of 6233861.
937, 6653
What are the prime factors of 96464261?
947, 101863
List the prime factors of 4147942216.
2, 11, 151, 541, 577
List the prime factors of 474461563.
211, 2248633
List the prime factors of 11615148.
2, 3, 17, 18979
List the prime factors of 63091111.
63091111
What are the prime factors of 124921397?
173, 643, 1123
What are the prime factors of 2573084526?
2, 3, 1279, 335299
What are the prime factors of 2368408225?
5, 1613, 58733
What are the prime factors of 1411778315?
5, 823, 343081
What are the prime factors of 533976987?
3, 17, 10470137
What are the prime factors of 6553159439?
17, 385479967
What are the prime factors of 51185134?
2, 7, 11, 13, 37, 691
What are the prime factors of 2471420911?
79, 31283809
List the prime factors of 951091171.
951091171
What are the prime factors of 77565493?
73, 131, 8111
List the prime factors of 1897662956.
2, 7, 37, 127, 14423
List the prime factors of 159988883.
159988883
List the prime factors of 596773995.
3, 5, 43, 21517
What are the prime factors of 15940816?
2, 996301
What are the prime factors of 32119729?
32119729
What are the prime factors of 58004697?
3, 17, 947, 1201
What are the prime factors of 975465970?
2, 5, 449, 217253
List the prime factors of 79407443.
179, 547, 811
List the prime factors of 934649472.
2, 3, 1153, 2111
What are the prime factors of 3031959324?
2, 3, 252663277
List the prime factors of 2317818344.
2, 289727293
List the prime factors of 1326947076.
2, 3, 7, 13, 135017
List the prime factors of 327544277.
327544277
What are the prime factors of 84099347?
84099347
List the prime factors of 386319671.
41, 9422431
List the prime factors of 36510436.
2, 31, 294439
What are the prime factors of 960899134?
2, 13, 59, 83, 7547
What are the prime factors of 444604348?
2, 43, 2584909
What are the prime factors of 500016323?
1723, 290201
List the prime factors of 1450536209.
19, 76344011
What are the prime factors of 12619858?
2, 179, 35251
What are the prime factors of 837793424?
2, 13, 43, 47, 1993
List the prime factors of 5196623132.
2, 173, 7509571
List the prime factors of 106258037.
463, 229499
What are the prime factors of 18849334?
2, 7, 107, 12583
What are the prime factors of 179578874?
2, 3929, 22853
What are the prime factors of 78455379?
3, 137, 190889
List the prime factors of 1246393913.
17, 73317289
List the prime factors of 18037956.
2, 3, 1503163
List the prime factors of 909812722.
2, 7, 13, 4998971
List the prime factors of 1802092752.
2, 3, 17, 245383
List the prime factors of 51572489.
47, 563, 1949
List the prime factors of 69095256.
2, 3, 619, 4651
List the prime factors of 46494368.
2, 19, 76471
What are the prime factors of 14628167?
14628167
List the prime factors of 735005328.
2, 3, 1361, 11251
What are the prime factors of 69280680?
2, 3, 5, 7, 67, 1231
List the prime factors of 20738132.
2, 29, 31, 73, 79
List the prime factors of 24023408.
2, 23, 97, 673
List the prime factors of 214835682.
2, 3, 3301, 10847
List the prime factors of 226871.
226871
List the prime factors of 133020493.
133020493
List the prime factors of 649572107.
89, 101, 127, 569
List the prime factors of 53107701.
3, 647, 27361
List the prime factors of 13064861.
3557, 3673
What are the prime factors of 99786643?
11, 824683
List the prime factors of 59624019.
3, 7, 13, 8089
List the prime factors of 233730686.
2, 7, 619, 3853
List the prime factors of 654257019.
3, 13, 17, 986813
List the prime factors of 38009943.
3, 17, 248431
List the prime factors of 4805446794.
2, 3, 800907799
What are the prime factors of 97467438?
2, 3, 229, 70937
List the prime factors of 313681343.
31, 10118753
List the prime factors of 743899284.
2, 3, 157, 131617
List the prime factors of 56283446.
2, 1019, 27617
What are the prime factors of 43371366?
2, 3, 61, 163, 727
What are the prime factors of 637684370?
2, 5, 71, 898147
What are the prime factors of 2485416628?
2, 71, 8751467
What are the prime factors of 141558511?
7307, 19373
List the prime factors of 412447993.
412447993
What are the prime factors of 324190?
2, 5, 17, 1907
List the prime factors of 5586343702.
2, 2793171851
List the prime factors of 4444158077.
1249, 1447, 2459
List the prime factors of 4949700791.
7, 109, 6487157
List the prime factors of 2411999883.
3, 89333329
What are the prime factors of 966540033?
3, 1321, 3011
List the prime factors of 23324076.
2, 3, 647891
What are the prime factors of 63660927?
3, 11, 1929119
What are the prime factors of 333258486?
2, 3, 11, 5049371
List the prime factors of 3209932954.
2, 1604966477
What are the prime factors of 43671905?
5, 157, 55633
What are the prime factors of 54981917?
54981917
List the prime factors of 222338543.
7, 547, 58067
What are the prime factors of 357571147?
357571147
What are the prime factors of 453091303?
7, 64727329
List the prime factors of 7233086.
2, 7, 23, 3209
List the prime factors of 451980469.
251, 1800719
What are the prime factors of 53174902?
2, 11, 219731
What are the prime factors of 429356355?
3, 5, 31, 923347
What are the prime factors of 667734782?
2, 11, 13, 37, 89, 709
List the prime factors of 15094523.
137, 239, 461
What are the prime factors of 21320731?
293, 72767
List the prime factors of 834717749.
31, 109, 247031
What are the prime factors of 444806894?
2, 7, 31771921
What are the prime factors of 9089334549?
3, 191, 5287571
What are the prime factors of 1506043803?
3, 11, 377171
What are the prime factors of 1189538899?
71, 433, 38693
List the prime factors of 169239632.
2, 3023, 3499
What are the prime factors of 4109843565?
3, 5, 853, 107069
What are the prime factors of 161178307?
71, 2270117
List the prime factors of 3755818334.
2, 89, 21100103
What are the prime factors of 110895744?
2, 3, 487, 593
What are the prime factors of 238723653?
3, 7, 31, 366703
What are the prime factors of 55016647?
7, 19, 167, 2477
What are the prime factors of 2329950816?
2, 3, 8090107
What are the prime factors of 2176884554?
2, 13, 151, 647, 857
List the prime factors of 15137059.
7, 23, 149, 631
List the prime factors of 82107304.
2, 10263413
What are the prime factors of 2070844031?
23, 41, 95479
What are the prime factors of 130435495?
5, 26087099
What are the prime factors of 286236283?
127, 461, 4889
What are the prime factors of 6088357746?
2, 3, 89, 3800473
What are the prime factors of 91427937?
3, 2333, 13063
What are the prime factors of 816709816?
2, 13, 7852979
List the prime factors of 163542185.
5, 277, 118081
What are the prime factors of 4851160433?
7, 641, 1019, 1061
What are the prime factors of 114048708?
2, 3, 9504059
What are the prime factors of 30717873?
3, 29, 1453
List the prime factors of 1454331200.
2, 5, 7, 89, 1459
List the prime factors of 189755904.
2, 3, 13, 17, 43
List the prime factors of 34949647.
3181, 10987
What are the prime factors of 3577183197?
3, 7, 17, 10020121
What are the prime factors of 4279837886?
2, 359, 5960777
What are the prime factors of 67649532?
2, 3, 23, 245107
What are the prime factors of 185751249?
3, 61917083
List the prime factors of 48837811.
11, 4439801
What are the prime factors of 69422841?
3, 37, 163, 1279
List the prime factors of 1041683489.
7, 11, 13528357
What are the prime factors of 63650046?
2, 3, 139, 167, 457
What are the prime factors of 204054296?
2, 3313, 7699
What are the prime factors of 185428980?
2, 3, 5, 11, 19, 31, 53
What are the prime factors of 415254116?
2, 103813529
List the prime factors of 945585952.
2, 41, 71, 10151
What are the prime factors of 92380453?
11, 37, 353, 643
What are the prime factors of 330645654?
2, 3, 23, 269, 2969
What are the prime factors of 2766055707?
3, 6779, 45337
List the prime factors of 614117366.
2, 709, 433087
List the prime factors of 200873834.
2, 7, 292819
List the prime factors of 270133603.
353, 765251
List the prime factors of 37163548.
2, 41, 5527
List the prime factors of 77558686.
2, 59, 83, 7919
What are the prime factors of 80741